mainder when 130 is divided by 64?
2
Calculate the remainder when 68 is divided by 25.
18
Calculate the remainder when 110 is divided by 21.
5
What is the remainder when 430 is divided by 62?
58
Calculate the remainder when 3797 is divided by 131.
129
Calculate the remainder when 292 is divided by 67.
24
What is the remainder when 6651 is divided by 121?
117
What is the remainder when 82 is divided by 50?
32
What is the remainder when 769 is divided by 164?
113
What is the remainder when 701 is divided by 39?
38
Calculate the remainder when 39 is divided by 31.
8
What is the remainder when 48 is divided by 31?
17
Calculate the remainder when 2351 is divided by 284.
79
What is the remainder when 207 is divided by 86?
35
Calculate the remainder when 288 is divided by 273.
15
Calculate the remainder when 328 is divided by 30.
28
Calculate the remainder when 2692 is divided by 672.
4
Calculate the remainder when 430 is divided by 27.
25
What is the remainder when 57 is divided by 37?
20
What is the remainder when 848 is divided by 143?
133
What is the remainder when 3957 is divided by 26?
5
Calculate the remainder when 29 is divided by 15.
14
What is the remainder when 181 is divided by 58?
7
What is the remainder when 2780 is divided by 116?
112
What is the remainder when 83 is divided by 4?
3
What is the remainder when 146 is divided by 37?
35
What is the remainder when 104 is divided by 13?
0
What is the remainder when 294 is divided by 43?
36
Calculate the remainder when 1862 is divided by 620.
2
Calculate the remainder when 2275 is divided by 17.
14
What is the remainder when 208 is divided by 63?
19
Calculate the remainder when 72 is divided by 2.
0
Calculate the remainder when 213 is divided by 29.
10
What is the remainder when 881 is divided by 20?
1
What is the remainder when 483 is divided by 13?
2
Calculate the remainder when 313 is divided by 16.
9
What is the remainder when 3825 is divided by 66?
63
Calculate the remainder when 1734 is divided by 164.
94
Calculate the remainder when 75 is divided by 43.
32
What is the remainder when 389 is divided by 130?
129
What is the remainder when 21 is divided by 9?
3
Calculate the remainder when 311 is divided by 29.
21
What is the remainder when 97 is divided by 11?
9
Calculate the remainder when 696 is divided by 41.
40
What is the remainder when 176 is divided by 43?
4
Calculate the remainder when 1478 is divided by 37.
35
What is the remainder when 67 is divided by 9?
4
What is the remainder when 219 is divided by 11?
10
What is the remainder when 37 is divided by 20?
17
Calculate the remainder when 4448 is divided by 6.
2
Calculate the remainder when 263 is divided by 46.
33
Calculate the remainder when 192 is divided by 66.
60
What is the remainder when 2532 is divided by 24?
12
What is the remainder when 7010 is divided by 123?
122
Calculate the remainder when 147 is divided by 25.
22
Calculate the remainder when 64 is divided by 25.
14
What is the remainder when 1222 is divided by 10?
2
What is the remainder when 202 is divided by 6?
4
What is the remainder when 547 is divided by 193?
161
Calculate the remainder when 221 is divided by 139.
82
What is the remainder when 289 is divided by 83?
40
Calculate the remainder when 309 is divided by 22.
1
What is the remainder when 175 is divided by 14?
7
What is the remainder when 734 is divided by 111?
68
What is the remainder when 7298 is divided by 146?
144
What is the remainder when 754 is divided by 42?
40
What is the remainder when 27 is divided by 4?
3
Calculate the remainder when 1091 is divided by 219.
215
Calculate the remainder when 4436 is divided by 9.
8
Calculate the remainder when 304 is divided by 110.
84
What is the remainder when 1383 is divided by 145?
78
Calculate the remainder when 89 is divided by 7.
5
What is the remainder when 190 is divided by 10?
0
What is the remainder when 1021 is divided by 1016?
5
Calculate the remainder when 2708 is divided by 130.
108
Calculate the remainder when 924 is divided by 458.
8
What is the remainder when 162 is divided by 44?
30
Calculate the remainder when 314 is divided by 32.
26
Calculate the remainder when 11842 is divided by 32.
2
What is the remainder when 1088 is divided by 377?
334
What is the remainder when 42572 is divided by 13?
10
What is the remainder when 49433 is divided by 231?
230
What is the remainder when 1241 is divided by 9?
8
Calculate the remainder when 27 is divided by 16.
11
Calculate the remainder when 358 is divided by 46.
36
Calculate the remainder when 563 is divided by 22.
13
What is the remainder when 154 is divided by 12?
10
What is the remainder when 268 is divided by 95?
78
Calculate the remainder when 769 is divided by 129.
124
Calculate the remainder when 483 is divided by 78.
15
Calculate the remainder when 703 is divided by 22.
21
What is the remainder when 418 is divided by 28?
26
What is the remainder when 95 is divided by 7?
4
What is the remainder when 938 is divided by 85?
3
What is the remainder when 7088 is divided by 2358?
14
What is the remainder when 286 is divided by 141?
4
What is the remainder when 376 is divided by 27?
25
What is the remainder when 129 is divided by 124?
5
Calculate the remainder when 126 is divided by 30.
6
What is the remainder when 180 is divided by 26?
24
What is the remainder when 998 is divided by 499?
0
What is the remainder when 1429 is divided by 21?
1
Calculate the remainder when 3918 is divided by 98.
96
Calculate the remainder when 1829 is divided by 10.
9
Calculate the remainder when 174 is divided by 106.
68
What is the remainder when 1317 is divided by 44?
41
What is the remainder when 200 is divided by 51?
47
Calculate the remainder when 933 is divided by 17.
15
Calculate the remainder when 157 is divided by 92.
65
What is the remainder when 30 is divided by 10?
0
What is the remainder when 228 is divided by 99?
30
Calculate the remainder when 53 is divided by 27.
26
Calculate the remainder when 169 is divided by 66.
37
Calculate the remainder when 430 is divided by 75.
55
What is the remainder when 1 is divided by 1?
0
Calculate the remainder when 1133 is divided by 54.
53
What is the remainder when 830 is divided by 387?
56
Calculate the remainder when 1229 is divided by 17.
5
What is the remainder when 107 is divided by 71?
36
What is the remainder when 206 is divided by 30?
26
Calculate the remainder when 657 is divided by 94.
93
Calculate the remainder when 104 is divided by 15.
14
What is the remainder when 79 is divided by 32?
15
What is the remainder when 798 is divided by 40?
38
What is the remainder when 546 is divided by 89?
12
What is the remainder when 3090 is divided by 36?
30
Calculate the remainder when 397 is divided by 106.
79
What is the remainder when 258 is divided by 90?
78
What is the remainder when 225 is divided by 35?
15
Calculate the remainder when 3937 is divided by 13.
11
What is the remainder when 1320 is divided by 53?
48
Calculate the remainder when 49 is divided by 5.
4
What is the remainder when 612 is divided by 198?
18
Calculate the remainder when 321 is divided by 84.
69
What is the remainder when 2973 is divided by 56?
5
Calculate the remainder when 346 is divided by 58.
56
Calculate the remainder when 362 is divided by 52.
50
What is the remainder when 89 is divided by 20?
9
Calculate the remainder when 32 is divided by 26.
6
Calculate the remainder when 360 is divided by 157.
46
What is the remainder when 59 is divided by 31?
28
What is the remainder when 503 is divided by 23?
20
Calculate the remainder when 1194 is divided by 30.
24
Calculate the remainder when 2 is divided by 1.
0
Calculate the remainder when 531 is divided by 25.
6
Calculate the remainder when 283 is divided by 15.
13
What is the remainder when 719 is divided by 71?
9
Calculate the remainder when 28479 is divided by 89.
88
What is the remainder when 357 is divided by 6?
3
Calculate the remainder when 304 is divided by 28.
24
Calculate the remainder when 3164 is divided by 36.
32
What is the remainder when 825 is divided by 74?
11
What is the remainder when 798 is divided by 25?
23
What is the remainder when 261 is divided by 89?
83
Calculate the remainder when 260 is divided by 102.
56
Calc